se l + 34 = 6*r. List the prime factors of r.
2, 5
Suppose 6*s - 3*s - 7758 - 3852 = 0. List the prime factors of s.
2, 3, 5, 43
Let z = 5396 + 22195. List the prime factors of z.
3, 17, 541
Let q(h) = h**3 + 90*h**2 + 75*h - 560. What are the prime factors of q(-88)?
2, 3, 347
Let x = -433 - -442. Suppose -34*v + x*v = -5075. What are the prime factors of v?
7, 29
Suppose -38899 = -c - 78*q + 80*q, 25 = -5*q. What are the prime factors of c?
3, 29, 149
Suppose 15*p + 480 = 19*p. Suppose 0 = 2*u - 788 - p. What are the prime factors of u?
2, 227
Suppose -3*q + 19590 = m, 0 = -3*q - 10*m + 13*m + 19602. What are the prime factors of q?
3, 7, 311
Let a(d) = 2*d**2 - 2*d - 1. Let o = 3 - -10. Suppose 7 + o = 4*z. What are the prime factors of a(z)?
3, 13
Suppose 19*h = 24*h - 585. Suppose 197*t - 200*t = -h. List the prime factors of t.
3, 13
Suppose 3*z + 6 - 18 = 0. Suppose -5*i = -z*i - 3. List the prime factors of 251/6 - i/(-18).
2, 3, 7
Let r(j) = 3*j + 60. Let u be 2/(-8) - 42/(-8). Suppose 20 = -2*s - 4*y, 0 = s - u*s + 5*y + 25. List the prime factors of r(s).
2, 3, 5
Let c = 104 + -460. Let u = 632 + c. What are the prime factors of u?
2, 3, 23
Suppose -44*g = -45*g + 2. What are the prime factors of 3/g - (-37515)/82?
3, 17
What are the prime factors of 6808 + 9/3 - (-222)/(-37)?
5, 1361
Let t = -22232 - -89437. What are the prime factors of t?
5, 13441
Suppose -2*b + 6019 = -3*b + 48022. What are the prime factors of b?
3, 13, 359
Let d(y) be the second derivative of y**4/12 - y**3/6 + 11*y**2 - 103*y. What are the prime factors of d(-20)?
2, 13, 17
Suppose 0 = -4*o + 494 - 470. List the prime factors of (o - (-119)/(-21))*3306.
2, 19, 29
Let o(x) = x**2 - 2*x - 151 + 210 - 78. Suppose 3 = -2*q - 17. What are the prime factors of o(q)?
101
Suppose 4*x = 8 + 52. Let d be (30/x)/(1/3). Suppose 2*b = 3*b + 2*u - d, 30 = 5*b - 3*u. What are the prime factors of b?
2, 3
Suppose -34*d = -31*d - 3972. Suppose o = -1, 3*o - d - 374 = -3*k. What are the prime factors of k?
3, 7
Suppose 11*g - 13*g - 38424 = -2*h, -4*g = -2*h + 38428. List the prime factors of h.
2, 5, 17, 113
What are the prime factors of 1009 + -3 - 11/((-132)/(-72))?
2, 5
Let i(f) = f**2 + f - 7. Let h be i(3). Suppose 0 = -h*k + 9*k - 12. Suppose -5*s - k*d = -157 - 428, -3*d - 555 = -5*s. List the prime factors of s.
2, 3, 19
Let m(a) = 18*a - 120. Let z be m(4). Let h = -18 - z. What are the prime factors of h?
2, 3, 5
Let u be (-100)/650 + (-2)/(-13). Suppose u*n = 6*n - 3276. List the prime factors of n.
2, 3, 7, 13
Let r(c) = -c**3 + 3*c**2 + 3*c + 8. Let d be r(4). Suppose -2*b - 24 = 4*f - 7*b, 0 = f + d*b - 15. What are the prime factors of (2 - 1) + 2 + f?
2
Let b(y) = 857*y - 8270. What are the prime factors of b(29)?
7, 23, 103
Let a(j) = j - 31. Let r be a(-7). Let h = 90 + r. Let s = h - -20. List the prime factors of s.
2, 3
Suppose 766 = 5*s - 5*z + 746, 2*s + z = -13. Suppose 6 = -p + 3*p. List the prime factors of (265 - (-6)/(-3)) + p + s.
263
Let s(c) = -222*c**3 - 2*c**2 + 7*c + 11. Let p be s(-2). Suppose -2*l + 29 = 2*n - p, 4*l - 3589 = -3*n. List the prime factors of l.
2, 449
Let k(d) be the first derivative of 4*d**4 - 2*d**3/3 + 5*d**2/2 - 14*d - 131. What are the prime factors of k(3)?
5, 83
Let o(d) = -d**2 + 12*d + 34. Let g be o(14). Suppose g*c = 8095 - 2353. List the prime factors of c.
3, 11, 29
Suppose 0 = 3*b - 3*l - 54, 2*l - 54 = -5*b - 2*l. Let a(y) = y - 8. Let u be a(b). Let s = 28 - u. List the prime factors of s.
2, 11
Suppose -9*d + 4*d = -190. Let h = 478 - 480. What are the prime factors of d + (0/(-3))/h?
2, 19
Let y(d) = -105*d + 18. Let v(b) = -43 - 41 + 90 - 35*b. Let q(x) = 7*v(x) - 2*y(x). What are the prime factors of q(-1)?
41
Suppose 0 = 2*k + 4*o + 26, 44 + 19 = -4*k + 3*o. Let w be k/20 + (-444)/(-16). Let i(v) = -v**2 + 29*v - 49. List the prime factors of i(w).
5
What are the prime factors of (5 + (-9)/2)/(6/15948)?
3, 443
Let m be 2/(33/(-7) + 5). Let i(f) = 3*f**2 + 2*f + 33. Let v be i(m). Suppose -t - z - 194 = -2*t, 0 = t - 5*z - v. What are the prime factors of t?
2, 97
Let a be 1/(-3) - 38/(-6). Let m be (-2)/a + 35/15. Suppose 0 = 10*y - m*y - 1280. What are the prime factors of y?
2, 5
Suppose 22*s = 26*s - 20568. Suppose 89*z - 83*z = s. List the prime factors of z.
857
Let v = 16869 + 12133. List the prime factors of v.
2, 17, 853
Let p = -141 + 155. List the prime factors of (-2*1)/((168/(-2502))/p).
3, 139
Let f = 1349 - -1442. What are the prime factors of f?
2791
Suppose -49*g + 64750 = -67011. Let j = g - 1543. What are the prime factors of j?
2, 3, 191
Let v(o) be the third derivative of 13*o**5/120 - 35*o**4/24 + 25*o**3/6 + 7*o**2. Let j(i) be the first derivative of v(i). List the prime factors of j(16).
173
Suppose 37 = c - 4*u, -2*c - 4*u + 14 + 0 = 0. Let z = -5 + 10. Let n = z + c. What are the prime factors of n?
2, 11
Let d(q) = q**2 - 32*q + 59. Let k be d(23). Let i = k + 162. What are the prime factors of i?
2, 7
Let c(h) = -h**3 + 39*h**2 + 36*h - 71. Let d be c(40). What are the prime factors of d/(-11)*(42 + 1)?
3, 7, 43
Suppose 0 = -113*r + 108*r - 4*x + 18787, x + 3761 = r. List the prime factors of r.
3, 7, 179
Suppose 93*v - 89*v + 3238 = d, -5*d + 16122 = -3*v. List the prime factors of d.
2, 3, 179
Suppose -5*q = 2158 - 5938. Let r = q - -95. Let l = r - 602. What are the prime factors of l?
3, 83
Let a(u) = 189*u + 82. Let y be a(27). Suppose y = 5*t + 3*o, t + 4*o - 1037 = 2*o. List the prime factors of t.
17, 61
Let x be ((-309)/6)/((-11)/(-110)). List the prime factors of ((-28)/15 - 16/12)*x.
2, 103
Let p(h) = -3550*h + 2410. List the prime factors of p(-4).
2, 5, 11, 151
Suppose 6*b + 2*b = 8. Let p(z) = 407*z. List the prime factors of p(b).
11, 37
Let w(d) = 127*d**3 + d**2 - 8*d + 6. Let g be (-5 - -3) + (2 - 3). Let f be w(g). What are the prime factors of f/(-36) - 5 - 2/12?
89
Let n(t) = t**3 + 20*t**2 + 52*t + 22. Let s be n(-17). Suppose s*g - 1901 = 1794. What are the prime factors of g?
739
Suppose 99468 = -7*o + 25*o. What are the prime factors of o?
2, 3, 307
Let j = -71 + 40. Let t = j + 33. Suppose 0 = 5*q, -4*c - t*q - 190 = -9*c. List the prime factors of c.
2, 19
Suppose 0 = -5*h + 2*j + 31528, 4*h - 2*j - 18570 = 6654. What are the prime factors of h?
2, 197
Suppose -6*k + 64 = -2*k. Let h(x) be the third derivative of x**4/8 + x**3/2 - 4*x**2 + 122. List the prime factors of h(k).
3, 17
Let t = -31136 + 36381. What are the prime factors of t?
5, 1049
Suppose -4*v - 5*l = -22, 3*v + 4*l - 2*l = 13. Suppose -o + 4*o + 185 = -4*m, -v*o + 4*m = 193. Let j = -5 - o. What are the prime factors of j?
2, 29
Let z be -18*((-30)/12)/5. List the prime factors of (-3)/z*-15 + 1213.
2, 3, 7, 29
Let y = 5993 + -1721. Suppose -4*v + y = 2*k, k - 5337 = -12*v + 7*v. List the prime factors of v.
11, 97
Let r = 188 + -115. Let b = 36 - 70. Let k = b + r. List the prime factors of k.
3, 13
Suppose -4*u + 6 = -u + 5*n, 3*u = 3*n + 6. Suppose u*c + 132 = 572. List the prime factors of c.
2, 5, 11
Let q = -190 + 286. Suppose -7*f = -4*f - q. What are the prime factors of 8/2*(-4)/(f/(-186))?
3, 31
Let j be ((-33634344)/(-68))/6 - (-2)/(-17). Suppose 36*t + 24189 = j. What are the prime factors of t?
2, 809
Let o(x) = -12880*x**3 - 2*x**2 + 12*x + 10. List the prime factors of o(-1).
2, 3, 29, 37
Let q(r) = 4*r + 3. Let n be q(3). What are the prime factors of 4/10 - (-1)/(n/7014)?
2, 3, 13
Suppose 0 = q + 14*q - 179265. List the prime factors of q.
17, 19, 37
Let n be (-30)/195 - (-28)/13. Suppose 5*z = n*y - 92, 4*z - 91 - 37 = -4*y. Let p = y + 46. List the prime factors of p.
2, 41
Suppose 0 = -6*q + 26 - 20. Let l be q - (-21)/3 - (1 - -1). Suppose 0 = 2*m - l*m + 220. What are the prime factors of m?
5, 11
Suppose -3*i = j + 11 - 245, i = 4. Suppose -56*k + 53*k = j. Let c = k - -146. List the prime factors of c.
2, 3
Let b be (-3)/(-4) - (-225)/36. Let l be 3/(0 + 3)*b. Suppose -l*j = -j - 498. List the prime factors of j.
83
Let j(r) = -7. Let d(l) = -2*l**2 + 101*l + 116. Let g(u) = d(u) - 3*j(u). List the prime factors of g(50).
11, 17
Suppose 0 = 2*h - t - 64, 3*t + 37 = 3*h - 56. Suppose 0 = 4*k + 121 - h. What are the prime factors of (k/(-4))/((-8)/(-80))?
5